{"id":17140,"date":"2025-11-12T21:05:28","date_gmt":"2025-11-12T20:05:28","guid":{"rendered":"https:\/\/redheadwithabrain.ch\/?page_id=17140"},"modified":"2026-03-19T17:40:53","modified_gmt":"2026-03-19T16:40:53","slug":"agnes-jaoui-jean-pierre-bacri","status":"publish","type":"page","link":"https:\/\/redheadwithabrain.ch\/index.php\/have-experienced-them-all\/agnes-jaoui-jean-pierre-bacri\/","title":{"rendered":"Agn\u00e8s Jaoui &amp; Jean-Pierre Bacri"},"content":{"rendered":"<div data-colibri-id=\"17140-c1\" class=\"style-1469 style-local-17140-c1 position-relative\">\n  <!---->\n  <div data-colibri-component=\"section\" data-colibri-id=\"17140-c2\" id=\"initial-content\" class=\"h-section h-section-global-spacing d-flex align-items-lg-center align-items-md-center align-items-center style-1470 style-local-17140-c2 position-relative\">\n    <!---->\n    <!---->\n    <div class=\"h-section-grid-container h-section-boxed-container\">\n      <!---->\n      <div data-colibri-id=\"17140-c3\" class=\"h-row-container gutters-row-lg-2 gutters-row-md-2 gutters-row-0 gutters-row-v-lg-2 gutters-row-v-md-2 gutters-row-v-2 style-1479 style-local-17140-c3 position-relative\">\n        <!---->\n        <div class=\"h-row justify-content-lg-center justify-content-md-center justify-content-center align-items-lg-stretch align-items-md-stretch align-items-stretch gutters-col-lg-2 gutters-col-md-2 gutters-col-0 gutters-col-v-lg-2 gutters-col-v-md-2 gutters-col-v-2\">\n          <!---->\n          <div class=\"h-column h-column-container d-flex h-col-lg-auto h-col-md-auto h-col-auto style-786-outer style-local-17140-c4-outer\">\n            <div data-colibri-id=\"17140-c4\" class=\"d-flex h-flex-basis h-column__inner h-px-lg-2 h-px-md-2 h-px-2 v-inner-lg-2 v-inner-md-2 v-inner-2 style-786 style-local-17140-c4 position-relative\">\n              <!---->\n              <!---->\n              <div class=\"w-100 h-y-container h-column__content h-column__v-align flex-basis-100 align-self-lg-start align-self-md-start align-self-start\">\n                <!---->\n                <div data-colibri-id=\"17140-c5\" class=\"h-text h-text-component style-1484 style-local-17140-c5 position-relative h-element\">\n                  <!---->\n                  <!---->\n                  <div class=\"\">\n                    <p>Le duo form\u00e9 par Agn\u00e8s Jaoui et Jean-Pierre Bacri a marqu\u00e9 le cin\u00e9ma et le th\u00e9\u00e2tre fran\u00e7ais contemporains. \u00c0 la fois acteurs et sc\u00e9naristes, ils ont d\u00e9velopp\u00e9 une \u00e9criture fine, m\u00ealant humour, ironie et observation sociale, souvent\n                      centr\u00e9e sur les rapports humains et les contradictions de la bourgeoisie. Leurs films foisonnent de dialogues cisel\u00e9s et de personnages profond\u00e9ment humains, attachants et imparfaits, \u00e0 l&#8217;image de ces deux acteurs (attachants, pas\n                      imparfaits). Ensemble, ils ont su imposer un ton unique, \u00e0 la fois dr\u00f4le et tr\u00e8s tendre. J&#8217;aime vraiment beaucoup leur travail et je suis triste de ne plus pouvoir les voir ensemble \u00e0 l&#8217;\u00e9cran, suite au d\u00e9c\u00e8s de Jean-Pierre Bacri\n                      en 2021.<\/p>\n                  <\/div>\n                <\/div>\n              <\/div>\n            <\/div>\n          <\/div>\n        <\/div>\n      <\/div>\n      <div data-colibri-id=\"17140-c6\" class=\"h-row-container gutters-row-lg-2 gutters-row-md-2 gutters-row-0 gutters-row-v-lg-2 gutters-row-v-md-2 gutters-row-v-2 style-1471 style-local-17140-c6 position-relative\">\n        <!---->\n        <div class=\"h-row justify-content-lg-center justify-content-md-center justify-content-center align-items-lg-stretch align-items-md-stretch align-items-stretch gutters-col-lg-2 gutters-col-md-2 gutters-col-0 gutters-col-v-lg-2 gutters-col-v-md-2 gutters-col-v-2\">\n          <!---->\n          <div class=\"h-column h-column-container d-flex h-col-lg-6 h-col-md-6 h-col-12 style-786-outer style-local-17140-c7-outer\">\n            <div data-colibri-id=\"17140-c7\" class=\"d-flex h-flex-basis h-column__inner h-px-lg-2 h-px-md-2 h-px-2 v-inner-lg-2 v-inner-md-2 v-inner-2 style-786 style-local-17140-c7 position-relative\">\n              <!---->\n              <!---->\n              <div class=\"w-100 h-y-container h-column__content h-column__v-align flex-basis-100 align-self-lg-start align-self-md-start align-self-start\">\n                <!---->\n                <div data-colibri-id=\"17140-c8\" class=\"h-text h-text-component style-1486 style-local-17140-c8 position-relative h-element\">\n                  <!---->\n                  <!---->\n                  <div class=\"\">\n                    <p><span style=\"color: rgb(158, 201, 226); font-weight: 600;\">Films vus<\/span>\n                      <br>\n                      <br>\n                      <a href=\"https:\/\/redheadwithabrain.ch\/index.php\/2023\/07\/08\/cuisine-et-dependances-philippe-muyl-1993\">Cuisines et d\u00e9pendances<\/a> (1993)\n                      <br>\n                      <a href=\"https:\/\/redheadwithabrain.ch\/index.php\/2023\/07\/13\/smoking-no-smoking-alain-renais-1993\">Smoking \/ No smoking<\/a> (1996)\n                      <br>\n                      <a href=\"https:\/\/redheadwithabrain.ch\/index.php\/2023\/07\/09\/un-air-de-famille-cedric-klapisch-1996\">Un air de famille<\/a> (1996)\n                      <br>\n                      <a href=\"https:\/\/redheadwithabrain.ch\/index.php\/2023\/09\/13\/le-gout-des-autres-agnes-jaoui-2000\">Le Go\u00fbt des autres<\/a> (2000)\n                      <br>\n                      <a href=\"https:\/\/redheadwithabrain.ch\/index.php\/2023\/07\/14\/comme-une-image-agnes-jaoui-1994\">Comme une image<\/a> (2004)\n                      <br>\n                      <a href=\"https:\/\/redheadwithabrain.ch\/index.php\/2025\/11\/12\/au-bout-du-conte-agnes-jaoui-2013\">Au bout du conte<\/a> (2013)\n                      <br>\n                      <a href=\"https:\/\/redheadwithabrain.ch\/index.php\/2025\/10\/14\/place-publique-agnes-jaoui-2018\">Place publique<\/a> (2018)&nbsp;<\/p>\n                  <\/div>\n                <\/div>\n              <\/div>\n            <\/div>\n          <\/div>\n          <div class=\"h-column h-column-container d-flex h-col-lg-6 h-col-md-6 h-col-12 style-786-outer style-local-17140-c9-outer\">\n            <div data-colibri-id=\"17140-c9\" class=\"d-flex h-flex-basis h-column__inner h-px-lg-2 h-px-md-2 h-px-2 v-inner-lg-2 v-inner-md-2 v-inner-2 style-786 style-local-17140-c9 position-relative\">\n              <!---->\n              <!---->\n              <div class=\"w-100 h-y-container h-column__content h-column__v-align flex-basis-100 align-self-lg-start align-self-md-start align-self-start\">\n                <!---->\n                <div data-colibri-id=\"17140-c10\" class=\"h-text h-text-component style-1483 style-local-17140-c10 position-relative h-element\">\n                  <!---->\n                  <!---->\n                  <div class=\"\">\n                    <p><span style=\"font-weight: 600; color: rgb(158, 201, 226);\">Films \u00e0 voir<\/span><\/p>\n                    <p>On conna\u00eet la chanson (1997)\n                      <br>Parlez-moi de la pluie (2008)<\/p>\n                  <\/div>\n                <\/div>\n              <\/div>\n            <\/div>\n          <\/div>\n        <\/div>\n      <\/div>\n    <\/div>\n  <\/div>\n<\/div>","protected":false},"excerpt":{"rendered":"<p>Le duo form\u00e9 par Agn\u00e8s Jaoui et Jean-Pierre Bacri a marqu\u00e9 le cin\u00e9ma et le th\u00e9\u00e2tre fran\u00e7ais contemporains. \u00c0 la fois acteurs et sc\u00e9naristes, ils ont d\u00e9velopp\u00e9 une \u00e9criture fine, m\u00ealant humour, ironie et observation sociale, souvent centr\u00e9e sur les rapports humains et les contradictions de la bourgeoisie. Leurs films foisonnent de dialogues cisel\u00e9s et [&hellip;]<\/p>\n","protected":false},"author":1,"featured_media":20899,"parent":3170,"menu_order":0,"comment_status":"closed","ping_status":"closed","template":"page-templates\/full-width-page.php","meta":{"footnotes":""},"class_list":["post-17140","page","type-page","status-publish","has-post-thumbnail","hentry"],"jetpack_sharing_enabled":true,"_links":{"self":[{"href":"https:\/\/redheadwithabrain.ch\/index.php\/wp-json\/wp\/v2\/pages\/17140","targetHints":{"allow":["GET"]}}],"collection":[{"href":"https:\/\/redheadwithabrain.ch\/index.php\/wp-json\/wp\/v2\/pages"}],"about":[{"href":"https:\/\/redheadwithabrain.ch\/index.php\/wp-json\/wp\/v2\/types\/page"}],"author":[{"embeddable":true,"href":"https:\/\/redheadwithabrain.ch\/index.php\/wp-json\/wp\/v2\/users\/1"}],"replies":[{"embeddable":true,"href":"https:\/\/redheadwithabrain.ch\/index.php\/wp-json\/wp\/v2\/comments?post=17140"}],"version-history":[{"count":9,"href":"https:\/\/redheadwithabrain.ch\/index.php\/wp-json\/wp\/v2\/pages\/17140\/revisions"}],"predecessor-version":[{"id":20928,"href":"https:\/\/redheadwithabrain.ch\/index.php\/wp-json\/wp\/v2\/pages\/17140\/revisions\/20928"}],"up":[{"embeddable":true,"href":"https:\/\/redheadwithabrain.ch\/index.php\/wp-json\/wp\/v2\/pages\/3170"}],"wp:featuredmedia":[{"embeddable":true,"href":"https:\/\/redheadwithabrain.ch\/index.php\/wp-json\/wp\/v2\/media\/20899"}],"wp:attachment":[{"href":"https:\/\/redheadwithabrain.ch\/index.php\/wp-json\/wp\/v2\/media?parent=17140"}],"curies":[{"name":"wp","href":"https:\/\/api.w.org\/{rel}","templated":true}]}}

Agnès Jaoui &amp; Jean-Pierre Bacri

<div data-colibri-id="17140-c1" class="style-1469 style-local-17140-c1 position-relative">
  <!---->
  <div data-colibri-component="section" data-colibri-id="17140-c2" id="initial-content" class="h-section h-section-global-spacing d-flex align-items-lg-center align-items-md-center align-items-center style-1470 style-local-17140-c2 position-relative">
    <!---->
    <!---->
    <div class="h-section-grid-container h-section-boxed-container">
      <!---->
      <div data-colibri-id="17140-c3" class="h-row-container gutters-row-lg-2 gutters-row-md-2 gutters-row-0 gutters-row-v-lg-2 gutters-row-v-md-2 gutters-row-v-2 style-1479 style-local-17140-c3 position-relative">
        <!---->
        <div class="h-row justify-content-lg-center justify-content-md-center justify-content-center align-items-lg-stretch align-items-md-stretch align-items-stretch gutters-col-lg-2 gutters-col-md-2 gutters-col-0 gutters-col-v-lg-2 gutters-col-v-md-2 gutters-col-v-2">
          <!---->
          <div class="h-column h-column-container d-flex h-col-lg-auto h-col-md-auto h-col-auto style-786-outer style-local-17140-c4-outer">
            <div data-colibri-id="17140-c4" class="d-flex h-flex-basis h-column__inner h-px-lg-2 h-px-md-2 h-px-2 v-inner-lg-2 v-inner-md-2 v-inner-2 style-786 style-local-17140-c4 position-relative">
              <!---->
              <!---->
              <div class="w-100 h-y-container h-column__content h-column__v-align flex-basis-100 align-self-lg-start align-self-md-start align-self-start">
                <!---->
                <div data-colibri-id="17140-c5" class="h-text h-text-component style-1484 style-local-17140-c5 position-relative h-element">
                  <!---->
                  <!---->
                  <div class="">
                    <p>Le duo formé par Agnès Jaoui et Jean-Pierre Bacri a marqué le cinéma et le théâtre français contemporains. À la fois acteurs et scénaristes, ils ont développé une écriture fine, mêlant humour, ironie et observation sociale, souvent
                      centrée sur les rapports humains et les contradictions de la bourgeoisie. Leurs films foisonnent de dialogues ciselés et de personnages profondément humains, attachants et imparfaits, à l&#8217;image de ces deux acteurs (attachants, pas
                      imparfaits). Ensemble, ils ont su imposer un ton unique, à la fois drôle et très tendre. J&#8217;aime vraiment beaucoup leur travail et je suis triste de ne plus pouvoir les voir ensemble à l&#8217;écran, suite au décès de Jean-Pierre Bacri
                      en 2021.</p>
                  </div>
                </div>
              </div>
            </div>
          </div>
        </div>
      </div>
      <div data-colibri-id="17140-c6" class="h-row-container gutters-row-lg-2 gutters-row-md-2 gutters-row-0 gutters-row-v-lg-2 gutters-row-v-md-2 gutters-row-v-2 style-1471 style-local-17140-c6 position-relative">
        <!---->
        <div class="h-row justify-content-lg-center justify-content-md-center justify-content-center align-items-lg-stretch align-items-md-stretch align-items-stretch gutters-col-lg-2 gutters-col-md-2 gutters-col-0 gutters-col-v-lg-2 gutters-col-v-md-2 gutters-col-v-2">
          <!---->
          <div class="h-column h-column-container d-flex h-col-lg-6 h-col-md-6 h-col-12 style-786-outer style-local-17140-c7-outer">
            <div data-colibri-id="17140-c7" class="d-flex h-flex-basis h-column__inner h-px-lg-2 h-px-md-2 h-px-2 v-inner-lg-2 v-inner-md-2 v-inner-2 style-786 style-local-17140-c7 position-relative">
              <!---->
              <!---->
              <div class="w-100 h-y-container h-column__content h-column__v-align flex-basis-100 align-self-lg-start align-self-md-start align-self-start">
                <!---->
                <div data-colibri-id="17140-c8" class="h-text h-text-component style-1486 style-local-17140-c8 position-relative h-element">
                  <!---->
                  <!---->
                  <div class="">
                    <p><span style="color: rgb(158, 201, 226); font-weight: 600;">Films vus</span>
                      <br>
                      <br>
                      <a href="https://redheadwithabrain.ch/index.php/2023/07/08/cuisine-et-dependances-philippe-muyl-1993">Cuisines et dépendances</a> (1993)
                      <br>
                      <a href="https://redheadwithabrain.ch/index.php/2023/07/13/smoking-no-smoking-alain-renais-1993">Smoking / No smoking</a> (1996)
                      <br>
                      <a href="https://redheadwithabrain.ch/index.php/2023/07/09/un-air-de-famille-cedric-klapisch-1996">Un air de famille</a> (1996)
                      <br>
                      <a href="https://redheadwithabrain.ch/index.php/2023/09/13/le-gout-des-autres-agnes-jaoui-2000">Le Goût des autres</a> (2000)
                      <br>
                      <a href="https://redheadwithabrain.ch/index.php/2023/07/14/comme-une-image-agnes-jaoui-1994">Comme une image</a> (2004)
                      <br>
                      <a href="https://redheadwithabrain.ch/index.php/2025/11/12/au-bout-du-conte-agnes-jaoui-2013">Au bout du conte</a> (2013)
                      <br>
                      <a href="https://redheadwithabrain.ch/index.php/2025/10/14/place-publique-agnes-jaoui-2018">Place publique</a> (2018)&nbsp;</p>
                  </div>
                </div>
              </div>
            </div>
          </div>
          <div class="h-column h-column-container d-flex h-col-lg-6 h-col-md-6 h-col-12 style-786-outer style-local-17140-c9-outer">
            <div data-colibri-id="17140-c9" class="d-flex h-flex-basis h-column__inner h-px-lg-2 h-px-md-2 h-px-2 v-inner-lg-2 v-inner-md-2 v-inner-2 style-786 style-local-17140-c9 position-relative">
              <!---->
              <!---->
              <div class="w-100 h-y-container h-column__content h-column__v-align flex-basis-100 align-self-lg-start align-self-md-start align-self-start">
                <!---->
                <div data-colibri-id="17140-c10" class="h-text h-text-component style-1483 style-local-17140-c10 position-relative h-element">
                  <!---->
                  <!---->
                  <div class="">
                    <p><span style="font-weight: 600; color: rgb(158, 201, 226);">Films à voir</span></p>
                    <p>On connaît la chanson (1997)
                      <br>Parlez-moi de la pluie (2008)</p>
                  </div>
                </div>
              </div>
            </div>
          </div>
        </div>
      </div>
    </div>
  </div>
</div>

<p>Le duo formé par Agnès Jaoui et Jean-Pierre Bacri a marqué le cinéma et le théâtre français contemporains. À la fois acteurs et scénaristes, ils ont développé une écriture fine, mêlant humour, ironie et observation sociale, souvent centrée sur les rapports humains et les contradictions de la bourgeoisie. Leurs films foisonnent de dialogues ciselés et [&hellip;]</p>
