{"id":4438,"date":"2021-04-23T22:57:51","date_gmt":"2021-04-23T20:57:51","guid":{"rendered":"https:\/\/redheadwithabrain.ch\/?page_id=4438"},"modified":"2025-04-21T17:48:51","modified_gmt":"2025-04-21T15:48:51","slug":"camilla-lackberg","status":"publish","type":"page","link":"https:\/\/redheadwithabrain.ch\/index.php\/have-experienced-them-all\/camilla-lackberg\/","title":{"rendered":"Camilla L\u00e4ckberg"},"content":{"rendered":"<div data-colibri-id=\"4438-c1\" class=\"style-730 style-local-4438-c1 position-relative\">\n  <!---->\n  <div data-colibri-component=\"section\" data-colibri-id=\"4438-c2\" id=\"custom\" class=\"h-section h-section-global-spacing d-flex align-items-lg-center align-items-md-center align-items-center style-731 style-local-4438-c2 position-relative\">\n    <!---->\n    <!---->\n    <div class=\"h-section-grid-container h-section-boxed-container\">\n      <!---->\n      <div data-colibri-id=\"4438-c3\" class=\"h-row-container gutters-row-lg-2 gutters-row-md-2 gutters-row-0 gutters-row-v-lg-2 gutters-row-v-md-2 gutters-row-v-2 style-732 style-local-4438-c3 position-relative\">\n        <!---->\n        <div class=\"h-row justify-content-lg-center justify-content-md-center justify-content-center align-items-lg-stretch align-items-md-stretch align-items-stretch gutters-col-lg-2 gutters-col-md-2 gutters-col-0 gutters-col-v-lg-2 gutters-col-v-md-2 gutters-col-v-2\">\n          <!---->\n          <div class=\"h-column h-column-container d-flex h-col-lg-auto h-col-md-auto h-col-auto style-733-outer style-local-4438-c4-outer\">\n            <div data-colibri-id=\"4438-c4\" class=\"d-flex h-flex-basis h-column__inner h-px-lg-2 h-px-md-2 h-px-2 v-inner-lg-2 v-inner-md-2 v-inner-2 style-733 style-local-4438-c4 position-relative\">\n              <!---->\n              <!---->\n              <div class=\"w-100 h-y-container h-column__content h-column__v-align flex-basis-100 align-self-lg-start align-self-md-start align-self-start\">\n                <!---->\n                <div data-colibri-id=\"4438-c5\" class=\"h-text h-text-component style-734 style-local-4438-c5 position-relative h-element\">\n                  <!---->\n                  <!---->\n                  <div class=\"\">\n                    <p>Camilla L\u00e4ckberg est une autrice su\u00e9doise de romans policiers. J\u2019ai d\u00e9vor\u00e9 ann\u00e9e apr\u00e8s ann\u00e9e ses romans avec Erika Falck. Elle semble avoir d\u00e9sormais oubli\u00e9 cette s\u00e9rie, qui se passait dans sa ville de Fj\u00e4llbacka, pour d\u2019autres romans\n                      noirs que j\u2019appr\u00e9cie moins, comme par exemple &#8220;Femmes sans merci&#8221;. Elle a \u00e9crit aussi des livres jeunesse et deux livres de cuisine, mais que je n&#8217;ai pas ajout\u00e9 \u00e0 la liste ci-dessous des ouvrages que j&#8217;aimerais lire.<\/p>\n                  <\/div>\n                <\/div>\n              <\/div>\n            <\/div>\n          <\/div>\n        <\/div>\n      <\/div>\n      <div data-colibri-id=\"4438-c6\" class=\"h-row-container gutters-row-lg-2 gutters-row-md-2 gutters-row-0 gutters-row-v-lg-2 gutters-row-v-md-2 gutters-row-v-2 style-735 style-local-4438-c6 position-relative\">\n        <!---->\n        <div class=\"h-row justify-content-lg-center justify-content-md-center justify-content-center align-items-lg-stretch align-items-md-stretch align-items-stretch gutters-col-lg-2 gutters-col-md-2 gutters-col-0 gutters-col-v-lg-2 gutters-col-v-md-2 gutters-col-v-2\">\n          <!---->\n          <div class=\"h-column h-column-container d-flex h-col-lg-auto h-col-md-auto h-col-auto style-736-outer style-local-4438-c7-outer\">\n            <div data-colibri-id=\"4438-c7\" class=\"d-flex h-flex-basis h-column__inner h-px-lg-2 h-px-md-2 h-px-2 v-inner-lg-2 v-inner-md-2 v-inner-2 style-736 style-local-4438-c7 position-relative\">\n              <!---->\n              <!---->\n              <div class=\"w-100 h-y-container h-column__content h-column__v-align flex-basis-100 align-self-lg-start align-self-md-start align-self-start\">\n                <!---->\n                <div data-colibri-id=\"4438-c8\" class=\"h-text h-text-component style-740 style-local-4438-c8 position-relative h-element\">\n                  <!---->\n                  <!---->\n                  <div class=\"\">\n                    <p><span style=\"font-weight: 600; font-size: 16px; font-family: &quot;Open Sans&quot;; color: rgb(158, 201, 226);\">Livres lus&nbsp;<\/span><\/p>\n                    <p><span style=\"font-weight: 600;\">S\u00e9rie Erica Falck et Patrik Hedstr\u00f6m<\/span>\n                      <br>La Princesse des glaces (2003)\n                      <br>Le Pr\u00e9dicateur (2004)\n                      <br>Le Tailleur de pierre (2005)\n                      <br>L&#8217;Oiseau de mauvais augure (2006)\n                      <br>L&#8217;Enfant allemand (2007)\n                      <br>La Sir\u00e8ne (2008)\n                      <br>Le Gardien de phare (2009)\n                      <br>La Faiseuse d&#8217;anges (2011)\n                      <br>Le Dompteur de lions (2014)\n                      <br>La Sorci\u00e8re (2017)\n                      <br>\n                      <a href=\"https:\/\/redheadwithabrain.ch\/index.php\/2025\/04\/17\/le-nid-du-coucou-camilla-lackberg-2022\">Le Nid du coucou<\/a><span style=\"color: rgb(48, 62, 122); font-family: &quot;Open Sans&quot;; font-size: 16px; font-weight: 400;\"> (2022)<\/span>\n                      <br>\n                    <\/p>\n                    <p><span style=\"font-weight: 600;\">S\u00e9rie&nbsp;Martin Molin<\/span>\n                      <br>Cyanure (2006)\n                      <br>\n                      <a href=\"https:\/\/redheadwithabrain.ch\/index.php\/2021\/02\/19\/the-scent-of-almonds-camilla-lackberg-2015\">The Scent of Almonds and Other Stories<\/a> (2013)&nbsp;<\/p>\n                    <p><span style=\"font-weight: 600;\">S\u00e9rie&nbsp;Faye<\/span>\n                      <br>La cage dor\u00e9e (2019)<\/p>\n                    <p><span style=\"font-weight: 600;\">Romans ind\u00e9pendants<\/span>\n                      <br>\n                      <a href=\"https:\/\/redheadwithabrain.ch\/index.php\/2021\/03\/16\/femmes-sans-merci-camilla-lackberg-2020\">Femmes sans merci<\/a> (2019)\n                      <br>\n                      <a href=\"https:\/\/redheadwithabrain.ch\/index.php\/2021\/12\/02\/sans-passer-par-la-case-depart-camilla-lackberg-2021\">Sans passer par la case d\u00e9part<\/a><span style=\"color: rgb(48, 62, 122); font-family: &quot;Open Sans&quot;; font-size: 16px; font-weight: 400;\"> (2021)<\/span>\n                      <br>\n                    <\/p>\n                  <\/div>\n                <\/div>\n              <\/div>\n            <\/div>\n          <\/div>\n          <div class=\"h-column h-column-container d-flex h-col-lg-auto h-col-md-auto h-col-auto style-738-outer style-local-4438-c9-outer\">\n            <div data-colibri-id=\"4438-c9\" class=\"d-flex h-flex-basis h-column__inner h-px-lg-2 h-px-md-2 h-px-2 v-inner-lg-2 v-inner-md-2 v-inner-2 style-738 style-local-4438-c9 position-relative\">\n              <!---->\n              <!---->\n              <div class=\"w-100 h-y-container h-column__content h-column__v-align flex-basis-100 align-self-lg-start align-self-md-start align-self-start\">\n                <!---->\n                <div data-colibri-id=\"4438-c10\" class=\"h-text h-text-component style-739 style-local-4438-c10 position-relative h-element\">\n                  <!---->\n                  <!---->\n                  <div class=\"\">\n                    <p><span style=\"color: rgb(158, 201, 226); font-weight: 600;\">Livres \u00e0 lire<\/span><\/p>\n                    <p><span style=\"font-weight: 600;\">S\u00e9rie&nbsp;Faye<\/span>\n                      <br>Des ailes d&#8217;argent (2020)<\/p>\n                    <p><span style=\"font-weight: 600;\">S\u00e9rie Vincent et Mina<\/span>\n                      <br>La bo\u00eete \u00e0 magie (2021)\n                      <br>Le culte (2022)\n                      <br>Mirage (2023)<\/p>\n                  <\/div>\n                <\/div>\n              <\/div>\n            <\/div>\n          <\/div>\n        <\/div>\n      <\/div>\n    <\/div>\n  <\/div>\n<\/div>","protected":false},"excerpt":{"rendered":"<p>Camilla L\u00e4ckberg est une autrice su\u00e9doise de romans policiers. J\u2019ai d\u00e9vor\u00e9 ann\u00e9e apr\u00e8s ann\u00e9e ses romans avec Erika Falck. Elle semble avoir d\u00e9sormais oubli\u00e9 cette s\u00e9rie, qui se passait dans sa ville de Fj\u00e4llbacka, pour d\u2019autres romans noirs que j\u2019appr\u00e9cie moins, comme par exemple &#8220;Femmes sans merci&#8221;. Elle a \u00e9crit aussi des livres jeunesse et [&hellip;]<\/p>\n","protected":false},"author":1,"featured_media":3096,"parent":3170,"menu_order":0,"comment_status":"closed","ping_status":"closed","template":"page-templates\/full-width-page.php","meta":{"footnotes":""},"class_list":["post-4438","page","type-page","status-publish","has-post-thumbnail","hentry"],"jetpack_sharing_enabled":true,"_links":{"self":[{"href":"https:\/\/redheadwithabrain.ch\/index.php\/wp-json\/wp\/v2\/pages\/4438","targetHints":{"allow":["GET"]}}],"collection":[{"href":"https:\/\/redheadwithabrain.ch\/index.php\/wp-json\/wp\/v2\/pages"}],"about":[{"href":"https:\/\/redheadwithabrain.ch\/index.php\/wp-json\/wp\/v2\/types\/page"}],"author":[{"embeddable":true,"href":"https:\/\/redheadwithabrain.ch\/index.php\/wp-json\/wp\/v2\/users\/1"}],"replies":[{"embeddable":true,"href":"https:\/\/redheadwithabrain.ch\/index.php\/wp-json\/wp\/v2\/comments?post=4438"}],"version-history":[{"count":16,"href":"https:\/\/redheadwithabrain.ch\/index.php\/wp-json\/wp\/v2\/pages\/4438\/revisions"}],"predecessor-version":[{"id":18649,"href":"https:\/\/redheadwithabrain.ch\/index.php\/wp-json\/wp\/v2\/pages\/4438\/revisions\/18649"}],"up":[{"embeddable":true,"href":"https:\/\/redheadwithabrain.ch\/index.php\/wp-json\/wp\/v2\/pages\/3170"}],"wp:featuredmedia":[{"embeddable":true,"href":"https:\/\/redheadwithabrain.ch\/index.php\/wp-json\/wp\/v2\/media\/3096"}],"wp:attachment":[{"href":"https:\/\/redheadwithabrain.ch\/index.php\/wp-json\/wp\/v2\/media?parent=4438"}],"curies":[{"name":"wp","href":"https:\/\/api.w.org\/{rel}","templated":true}]}}

Camilla Läckberg

<div data-colibri-id="4438-c1" class="style-730 style-local-4438-c1 position-relative">
  <!---->
  <div data-colibri-component="section" data-colibri-id="4438-c2" id="custom" class="h-section h-section-global-spacing d-flex align-items-lg-center align-items-md-center align-items-center style-731 style-local-4438-c2 position-relative">
    <!---->
    <!---->
    <div class="h-section-grid-container h-section-boxed-container">
      <!---->
      <div data-colibri-id="4438-c3" class="h-row-container gutters-row-lg-2 gutters-row-md-2 gutters-row-0 gutters-row-v-lg-2 gutters-row-v-md-2 gutters-row-v-2 style-732 style-local-4438-c3 position-relative">
        <!---->
        <div class="h-row justify-content-lg-center justify-content-md-center justify-content-center align-items-lg-stretch align-items-md-stretch align-items-stretch gutters-col-lg-2 gutters-col-md-2 gutters-col-0 gutters-col-v-lg-2 gutters-col-v-md-2 gutters-col-v-2">
          <!---->
          <div class="h-column h-column-container d-flex h-col-lg-auto h-col-md-auto h-col-auto style-733-outer style-local-4438-c4-outer">
            <div data-colibri-id="4438-c4" class="d-flex h-flex-basis h-column__inner h-px-lg-2 h-px-md-2 h-px-2 v-inner-lg-2 v-inner-md-2 v-inner-2 style-733 style-local-4438-c4 position-relative">
              <!---->
              <!---->
              <div class="w-100 h-y-container h-column__content h-column__v-align flex-basis-100 align-self-lg-start align-self-md-start align-self-start">
                <!---->
                <div data-colibri-id="4438-c5" class="h-text h-text-component style-734 style-local-4438-c5 position-relative h-element">
                  <!---->
                  <!---->
                  <div class="">
                    <p>Camilla Läckberg est une autrice suédoise de romans policiers. J’ai dévoré année après année ses romans avec Erika Falck. Elle semble avoir désormais oublié cette série, qui se passait dans sa ville de Fjällbacka, pour d’autres romans
                      noirs que j’apprécie moins, comme par exemple &#8220;Femmes sans merci&#8221;. Elle a écrit aussi des livres jeunesse et deux livres de cuisine, mais que je n&#8217;ai pas ajouté à la liste ci-dessous des ouvrages que j&#8217;aimerais lire.</p>
                  </div>
                </div>
              </div>
            </div>
          </div>
        </div>
      </div>
      <div data-colibri-id="4438-c6" class="h-row-container gutters-row-lg-2 gutters-row-md-2 gutters-row-0 gutters-row-v-lg-2 gutters-row-v-md-2 gutters-row-v-2 style-735 style-local-4438-c6 position-relative">
        <!---->
        <div class="h-row justify-content-lg-center justify-content-md-center justify-content-center align-items-lg-stretch align-items-md-stretch align-items-stretch gutters-col-lg-2 gutters-col-md-2 gutters-col-0 gutters-col-v-lg-2 gutters-col-v-md-2 gutters-col-v-2">
          <!---->
          <div class="h-column h-column-container d-flex h-col-lg-auto h-col-md-auto h-col-auto style-736-outer style-local-4438-c7-outer">
            <div data-colibri-id="4438-c7" class="d-flex h-flex-basis h-column__inner h-px-lg-2 h-px-md-2 h-px-2 v-inner-lg-2 v-inner-md-2 v-inner-2 style-736 style-local-4438-c7 position-relative">
              <!---->
              <!---->
              <div class="w-100 h-y-container h-column__content h-column__v-align flex-basis-100 align-self-lg-start align-self-md-start align-self-start">
                <!---->
                <div data-colibri-id="4438-c8" class="h-text h-text-component style-740 style-local-4438-c8 position-relative h-element">
                  <!---->
                  <!---->
                  <div class="">
                    <p><span style="font-weight: 600; font-size: 16px; font-family: &quot;Open Sans&quot;; color: rgb(158, 201, 226);">Livres lus&nbsp;</span></p>
                    <p><span style="font-weight: 600;">Série Erica Falck et Patrik Hedström</span>
                      <br>La Princesse des glaces (2003)
                      <br>Le Prédicateur (2004)
                      <br>Le Tailleur de pierre (2005)
                      <br>L&#8217;Oiseau de mauvais augure (2006)
                      <br>L&#8217;Enfant allemand (2007)
                      <br>La Sirène (2008)
                      <br>Le Gardien de phare (2009)
                      <br>La Faiseuse d&#8217;anges (2011)
                      <br>Le Dompteur de lions (2014)
                      <br>La Sorcière (2017)
                      <br>
                      <a href="https://redheadwithabrain.ch/index.php/2025/04/17/le-nid-du-coucou-camilla-lackberg-2022">Le Nid du coucou</a><span style="color: rgb(48, 62, 122); font-family: &quot;Open Sans&quot;; font-size: 16px; font-weight: 400;"> (2022)</span>
                      <br>
                    </p>
                    <p><span style="font-weight: 600;">Série&nbsp;Martin Molin</span>
                      <br>Cyanure (2006)
                      <br>
                      <a href="https://redheadwithabrain.ch/index.php/2021/02/19/the-scent-of-almonds-camilla-lackberg-2015">The Scent of Almonds and Other Stories</a> (2013)&nbsp;</p>
                    <p><span style="font-weight: 600;">Série&nbsp;Faye</span>
                      <br>La cage dorée (2019)</p>
                    <p><span style="font-weight: 600;">Romans indépendants</span>
                      <br>
                      <a href="https://redheadwithabrain.ch/index.php/2021/03/16/femmes-sans-merci-camilla-lackberg-2020">Femmes sans merci</a> (2019)
                      <br>
                      <a href="https://redheadwithabrain.ch/index.php/2021/12/02/sans-passer-par-la-case-depart-camilla-lackberg-2021">Sans passer par la case départ</a><span style="color: rgb(48, 62, 122); font-family: &quot;Open Sans&quot;; font-size: 16px; font-weight: 400;"> (2021)</span>
                      <br>
                    </p>
                  </div>
                </div>
              </div>
            </div>
          </div>
          <div class="h-column h-column-container d-flex h-col-lg-auto h-col-md-auto h-col-auto style-738-outer style-local-4438-c9-outer">
            <div data-colibri-id="4438-c9" class="d-flex h-flex-basis h-column__inner h-px-lg-2 h-px-md-2 h-px-2 v-inner-lg-2 v-inner-md-2 v-inner-2 style-738 style-local-4438-c9 position-relative">
              <!---->
              <!---->
              <div class="w-100 h-y-container h-column__content h-column__v-align flex-basis-100 align-self-lg-start align-self-md-start align-self-start">
                <!---->
                <div data-colibri-id="4438-c10" class="h-text h-text-component style-739 style-local-4438-c10 position-relative h-element">
                  <!---->
                  <!---->
                  <div class="">
                    <p><span style="color: rgb(158, 201, 226); font-weight: 600;">Livres à lire</span></p>
                    <p><span style="font-weight: 600;">Série&nbsp;Faye</span>
                      <br>Des ailes d&#8217;argent (2020)</p>
                    <p><span style="font-weight: 600;">Série Vincent et Mina</span>
                      <br>La boîte à magie (2021)
                      <br>Le culte (2022)
                      <br>Mirage (2023)</p>
                  </div>
                </div>
              </div>
            </div>
          </div>
        </div>
      </div>
    </div>
  </div>
</div>

<p>Camilla Läckberg est une autrice suédoise de romans policiers. J’ai dévoré année après année ses romans avec Erika Falck. Elle semble avoir désormais oublié cette série, qui se passait dans sa ville de Fjällbacka, pour d’autres romans noirs que j’apprécie moins, comme par exemple &#8220;Femmes sans merci&#8221;. Elle a écrit aussi des livres jeunesse et [&hellip;]</p>
