{"id":6400,"date":"2021-09-27T19:11:22","date_gmt":"2021-09-27T17:11:22","guid":{"rendered":"https:\/\/redheadwithabrain.ch\/?page_id=6400"},"modified":"2025-12-21T14:53:56","modified_gmt":"2025-12-21T13:53:56","slug":"joel-dicker","status":"publish","type":"page","link":"https:\/\/redheadwithabrain.ch\/index.php\/have-experienced-them-all\/joel-dicker\/","title":{"rendered":"Jo\u00ebl Dicker"},"content":{"rendered":"<div data-colibri-id=\"6400-c1\" class=\"style-928 style-local-6400-c1 position-relative\">\n  <!---->\n  <div data-colibri-component=\"section\" data-colibri-id=\"6400-c2\" id=\"custom\" class=\"h-section h-section-global-spacing d-flex align-items-lg-center align-items-md-center align-items-center style-934 style-local-6400-c2 position-relative\">\n    <!---->\n    <!---->\n    <div class=\"h-section-grid-container h-section-boxed-container\">\n      <!---->\n      <div data-colibri-id=\"6400-c3\" class=\"h-row-container gutters-row-lg-2 gutters-row-md-2 gutters-row-0 gutters-row-v-lg-2 gutters-row-v-md-2 gutters-row-v-2 style-935 style-local-6400-c3 position-relative\">\n        <!---->\n        <div class=\"h-row justify-content-lg-center justify-content-md-center justify-content-center align-items-lg-stretch align-items-md-stretch align-items-stretch gutters-col-lg-2 gutters-col-md-2 gutters-col-0 gutters-col-v-lg-2 gutters-col-v-md-2 gutters-col-v-2\">\n          <!---->\n          <div class=\"h-column h-column-container d-flex h-col-lg-auto h-col-md-auto h-col-auto style-937-outer style-local-6400-c4-outer\">\n            <div data-colibri-id=\"6400-c4\" class=\"d-flex h-flex-basis h-column__inner h-px-lg-2 h-px-md-2 h-px-2 v-inner-lg-2 v-inner-md-2 v-inner-2 style-937 style-local-6400-c4 position-relative\">\n              <!---->\n              <!---->\n              <div class=\"w-100 h-y-container h-column__content h-column__v-align flex-basis-100 align-self-lg-start align-self-md-start align-self-start\">\n                <!---->\n                <div data-colibri-id=\"6400-c5\" class=\"h-text h-text-component style-941 style-local-6400-c5 position-relative h-element\">\n                  <!---->\n                  <!---->\n                  <div class=\"\">\n                    <p>Jo\u00ebl Dicker est un \u00e9crivain suisse et m\u00eame genevois. Presque une obligation de le lire. Que dire&nbsp;? J\u2019ai ador\u00e9 &#8220;La V\u00e9rit\u00e9 sur l&#8217;affaire Harry Quebert&#8221;. Ce roman a \u00e9t\u00e9 traduit en quarante langues, vendu \u00e0 cinq millions d\u2019exemplaires\n                      et a re\u00e7u trois prix litt\u00e9raires. Pas mal pour un deuxi\u00e8me roman. \u00c7a m\u2019a donn\u00e9 envie de lire les autres. Juste un petit souci potentiel. D\u00e8s 2022, Jo\u00ebl Dicker va cr\u00e9er sa propre maison d\u2019\u00e9dition. J\u2019esp\u00e8re qu\u2019il y aura quand m\u00eame\n                      un comit\u00e9 de relecture de ses \u0153uvres, juste pour en assurer la qualit\u00e9.<\/p>\n                  <\/div>\n                <\/div>\n              <\/div>\n            <\/div>\n          <\/div>\n        <\/div>\n      <\/div>\n      <div data-colibri-id=\"6400-c6\" class=\"h-row-container gutters-row-lg-2 gutters-row-md-2 gutters-row-0 gutters-row-v-lg-2 gutters-row-v-md-2 gutters-row-v-2 style-938 style-local-6400-c6 position-relative\">\n        <!---->\n        <div class=\"h-row justify-content-lg-center justify-content-md-center justify-content-center align-items-lg-stretch align-items-md-stretch align-items-stretch gutters-col-lg-2 gutters-col-md-2 gutters-col-0 gutters-col-v-lg-2 gutters-col-v-md-2 gutters-col-v-2\">\n          <!---->\n          <div class=\"h-column h-column-container d-flex h-col-lg-auto h-col-md-auto h-col-auto style-937-outer style-local-6400-c7-outer\">\n            <div data-colibri-id=\"6400-c7\" class=\"d-flex h-flex-basis h-column__inner h-px-lg-2 h-px-md-2 h-px-2 v-inner-lg-2 v-inner-md-2 v-inner-2 style-937 style-local-6400-c7 position-relative\">\n              <!---->\n              <!---->\n              <div class=\"w-100 h-y-container h-column__content h-column__v-align flex-basis-100 align-self-lg-start align-self-md-start align-self-start\">\n                <!---->\n                <div data-colibri-id=\"6400-c8\" class=\"h-text h-text-component style-941 style-local-6400-c8 position-relative h-element\">\n                  <!---->\n                  <!---->\n                  <div class=\"\">\n                    <p><span style=\"color: rgb(158, 201, 226); font-weight: 600;\">Livres lus<\/span><\/p>\n                    <p>\n                      <a href=\"https:\/\/redheadwithabrain.ch\/index.php\/2021\/01\/11\/le-tigre-joel-dicker-2019\">Le Tigre<\/a> (2005)\n                      <br>La V\u00e9rit\u00e9 sur l&#8217;affaire Harry Quebert (2012)\n                      <br>Le Livre des Baltimore (2015)\n                      <br>\n                      <a href=\"https:\/\/redheadwithabrain.ch\/index.php\/2024\/03\/16\/lenigme-de-la-chambre-622-joel-dicker\">L&#8217;\u00c9nigme de la chambre 622<\/a><span style=\"color: rgb(48, 62, 122); font-family: &quot;Open Sans&quot;; font-size: 16px; font-weight: 400;\"> (2020)<\/span>\n                      <br>\n                    <\/p>\n                  <\/div>\n                <\/div>\n              <\/div>\n            <\/div>\n          <\/div>\n          <div class=\"h-column h-column-container d-flex h-col-lg-auto h-col-md-auto h-col-auto style-937-outer style-local-6400-c9-outer\">\n            <div data-colibri-id=\"6400-c9\" class=\"d-flex h-flex-basis h-column__inner h-px-lg-2 h-px-md-2 h-px-2 v-inner-lg-2 v-inner-md-2 v-inner-2 style-937 style-local-6400-c9 position-relative\">\n              <!---->\n              <!---->\n              <div class=\"w-100 h-y-container h-column__content h-column__v-align flex-basis-100 align-self-lg-start align-self-md-start align-self-start\">\n                <!---->\n                <div data-colibri-id=\"6400-c10\" class=\"h-text h-text-component style-943 style-local-6400-c10 position-relative h-element\">\n                  <!---->\n                  <!---->\n                  <div class=\"\">\n                    <p><span style=\"font-weight: 600; color: rgb(158, 201, 226);\">Livres \u00e0 lire<\/span><\/p>\n                    <p>Les Derniers Jours de nos p\u00e8res (2010)\n                      <br>La Disparition de Stephanie Mailer (2018)\n                      <br>L\u2019Affaire Alaska Sanders (2022)\n                      <br>Un animal sauvage (2024)<\/p>\n                  <\/div>\n                <\/div>\n              <\/div>\n            <\/div>\n          <\/div>\n        <\/div>\n      <\/div>\n    <\/div>\n  <\/div>\n<\/div>","protected":false},"excerpt":{"rendered":"<p>Jo\u00ebl Dicker est un \u00e9crivain suisse et m\u00eame genevois. Presque une obligation de le lire. Que dire&nbsp;? J\u2019ai ador\u00e9 &#8220;La V\u00e9rit\u00e9 sur l&#8217;affaire Harry Quebert&#8221;. Ce roman a \u00e9t\u00e9 traduit en quarante langues, vendu \u00e0 cinq millions d\u2019exemplaires et a re\u00e7u trois prix litt\u00e9raires. Pas mal pour un deuxi\u00e8me roman. \u00c7a m\u2019a donn\u00e9 envie de [&hellip;]<\/p>\n","protected":false},"author":1,"featured_media":1055,"parent":3170,"menu_order":0,"comment_status":"closed","ping_status":"closed","template":"page-templates\/full-width-page.php","meta":{"footnotes":""},"class_list":["post-6400","page","type-page","status-publish","has-post-thumbnail","hentry"],"jetpack_sharing_enabled":true,"_links":{"self":[{"href":"https:\/\/redheadwithabrain.ch\/index.php\/wp-json\/wp\/v2\/pages\/6400","targetHints":{"allow":["GET"]}}],"collection":[{"href":"https:\/\/redheadwithabrain.ch\/index.php\/wp-json\/wp\/v2\/pages"}],"about":[{"href":"https:\/\/redheadwithabrain.ch\/index.php\/wp-json\/wp\/v2\/types\/page"}],"author":[{"embeddable":true,"href":"https:\/\/redheadwithabrain.ch\/index.php\/wp-json\/wp\/v2\/users\/1"}],"replies":[{"embeddable":true,"href":"https:\/\/redheadwithabrain.ch\/index.php\/wp-json\/wp\/v2\/comments?post=6400"}],"version-history":[{"count":15,"href":"https:\/\/redheadwithabrain.ch\/index.php\/wp-json\/wp\/v2\/pages\/6400\/revisions"}],"predecessor-version":[{"id":19664,"href":"https:\/\/redheadwithabrain.ch\/index.php\/wp-json\/wp\/v2\/pages\/6400\/revisions\/19664"}],"up":[{"embeddable":true,"href":"https:\/\/redheadwithabrain.ch\/index.php\/wp-json\/wp\/v2\/pages\/3170"}],"wp:featuredmedia":[{"embeddable":true,"href":"https:\/\/redheadwithabrain.ch\/index.php\/wp-json\/wp\/v2\/media\/1055"}],"wp:attachment":[{"href":"https:\/\/redheadwithabrain.ch\/index.php\/wp-json\/wp\/v2\/media?parent=6400"}],"curies":[{"name":"wp","href":"https:\/\/api.w.org\/{rel}","templated":true}]}}

Joël Dicker

<div data-colibri-id="6400-c1" class="style-928 style-local-6400-c1 position-relative">
  <!---->
  <div data-colibri-component="section" data-colibri-id="6400-c2" id="custom" class="h-section h-section-global-spacing d-flex align-items-lg-center align-items-md-center align-items-center style-934 style-local-6400-c2 position-relative">
    <!---->
    <!---->
    <div class="h-section-grid-container h-section-boxed-container">
      <!---->
      <div data-colibri-id="6400-c3" class="h-row-container gutters-row-lg-2 gutters-row-md-2 gutters-row-0 gutters-row-v-lg-2 gutters-row-v-md-2 gutters-row-v-2 style-935 style-local-6400-c3 position-relative">
        <!---->
        <div class="h-row justify-content-lg-center justify-content-md-center justify-content-center align-items-lg-stretch align-items-md-stretch align-items-stretch gutters-col-lg-2 gutters-col-md-2 gutters-col-0 gutters-col-v-lg-2 gutters-col-v-md-2 gutters-col-v-2">
          <!---->
          <div class="h-column h-column-container d-flex h-col-lg-auto h-col-md-auto h-col-auto style-937-outer style-local-6400-c4-outer">
            <div data-colibri-id="6400-c4" class="d-flex h-flex-basis h-column__inner h-px-lg-2 h-px-md-2 h-px-2 v-inner-lg-2 v-inner-md-2 v-inner-2 style-937 style-local-6400-c4 position-relative">
              <!---->
              <!---->
              <div class="w-100 h-y-container h-column__content h-column__v-align flex-basis-100 align-self-lg-start align-self-md-start align-self-start">
                <!---->
                <div data-colibri-id="6400-c5" class="h-text h-text-component style-941 style-local-6400-c5 position-relative h-element">
                  <!---->
                  <!---->
                  <div class="">
                    <p>Joël Dicker est un écrivain suisse et même genevois. Presque une obligation de le lire. Que dire&nbsp;? J’ai adoré &#8220;La Vérité sur l&#8217;affaire Harry Quebert&#8221;. Ce roman a été traduit en quarante langues, vendu à cinq millions d’exemplaires
                      et a reçu trois prix littéraires. Pas mal pour un deuxième roman. Ça m’a donné envie de lire les autres. Juste un petit souci potentiel. Dès 2022, Joël Dicker va créer sa propre maison d’édition. J’espère qu’il y aura quand même
                      un comité de relecture de ses œuvres, juste pour en assurer la qualité.</p>
                  </div>
                </div>
              </div>
            </div>
          </div>
        </div>
      </div>
      <div data-colibri-id="6400-c6" class="h-row-container gutters-row-lg-2 gutters-row-md-2 gutters-row-0 gutters-row-v-lg-2 gutters-row-v-md-2 gutters-row-v-2 style-938 style-local-6400-c6 position-relative">
        <!---->
        <div class="h-row justify-content-lg-center justify-content-md-center justify-content-center align-items-lg-stretch align-items-md-stretch align-items-stretch gutters-col-lg-2 gutters-col-md-2 gutters-col-0 gutters-col-v-lg-2 gutters-col-v-md-2 gutters-col-v-2">
          <!---->
          <div class="h-column h-column-container d-flex h-col-lg-auto h-col-md-auto h-col-auto style-937-outer style-local-6400-c7-outer">
            <div data-colibri-id="6400-c7" class="d-flex h-flex-basis h-column__inner h-px-lg-2 h-px-md-2 h-px-2 v-inner-lg-2 v-inner-md-2 v-inner-2 style-937 style-local-6400-c7 position-relative">
              <!---->
              <!---->
              <div class="w-100 h-y-container h-column__content h-column__v-align flex-basis-100 align-self-lg-start align-self-md-start align-self-start">
                <!---->
                <div data-colibri-id="6400-c8" class="h-text h-text-component style-941 style-local-6400-c8 position-relative h-element">
                  <!---->
                  <!---->
                  <div class="">
                    <p><span style="color: rgb(158, 201, 226); font-weight: 600;">Livres lus</span></p>
                    <p>
                      <a href="https://redheadwithabrain.ch/index.php/2021/01/11/le-tigre-joel-dicker-2019">Le Tigre</a> (2005)
                      <br>La Vérité sur l&#8217;affaire Harry Quebert (2012)
                      <br>Le Livre des Baltimore (2015)
                      <br>
                      <a href="https://redheadwithabrain.ch/index.php/2024/03/16/lenigme-de-la-chambre-622-joel-dicker">L&#8217;Énigme de la chambre 622</a><span style="color: rgb(48, 62, 122); font-family: &quot;Open Sans&quot;; font-size: 16px; font-weight: 400;"> (2020)</span>
                      <br>
                    </p>
                  </div>
                </div>
              </div>
            </div>
          </div>
          <div class="h-column h-column-container d-flex h-col-lg-auto h-col-md-auto h-col-auto style-937-outer style-local-6400-c9-outer">
            <div data-colibri-id="6400-c9" class="d-flex h-flex-basis h-column__inner h-px-lg-2 h-px-md-2 h-px-2 v-inner-lg-2 v-inner-md-2 v-inner-2 style-937 style-local-6400-c9 position-relative">
              <!---->
              <!---->
              <div class="w-100 h-y-container h-column__content h-column__v-align flex-basis-100 align-self-lg-start align-self-md-start align-self-start">
                <!---->
                <div data-colibri-id="6400-c10" class="h-text h-text-component style-943 style-local-6400-c10 position-relative h-element">
                  <!---->
                  <!---->
                  <div class="">
                    <p><span style="font-weight: 600; color: rgb(158, 201, 226);">Livres à lire</span></p>
                    <p>Les Derniers Jours de nos pères (2010)
                      <br>La Disparition de Stephanie Mailer (2018)
                      <br>L’Affaire Alaska Sanders (2022)
                      <br>Un animal sauvage (2024)</p>
                  </div>
                </div>
              </div>
            </div>
          </div>
        </div>
      </div>
    </div>
  </div>
</div>

<p>Joël Dicker est un écrivain suisse et même genevois. Presque une obligation de le lire. Que dire&nbsp;? J’ai adoré &#8220;La Vérité sur l&#8217;affaire Harry Quebert&#8221;. Ce roman a été traduit en quarante langues, vendu à cinq millions d’exemplaires et a reçu trois prix littéraires. Pas mal pour un deuxième roman. Ça m’a donné envie de [&hellip;]</p>
