{"id":6826,"date":"2021-10-01T14:18:33","date_gmt":"2021-10-01T12:18:33","guid":{"rendered":"https:\/\/redheadwithabrain.ch\/?page_id=6826"},"modified":"2023-01-25T20:11:31","modified_gmt":"2023-01-25T19:11:31","slug":"boris-vian","status":"publish","type":"page","link":"https:\/\/redheadwithabrain.ch\/index.php\/have-experienced-them-all\/boris-vian\/","title":{"rendered":"Boris Vian"},"content":{"rendered":"<div data-colibri-id=\"6826-c1\" class=\"style-1007 style-local-6826-c1 position-relative\">\n  <!---->\n  <div data-colibri-component=\"section\" data-colibri-id=\"6826-c2\" id=\"custom\" class=\"h-section h-section-global-spacing d-flex align-items-lg-center align-items-md-center align-items-center style-1008 style-local-6826-c2 position-relative\">\n    <!---->\n    <!---->\n    <div class=\"h-section-grid-container h-section-boxed-container\">\n      <!---->\n      <div data-colibri-id=\"6826-c3\" class=\"h-row-container gutters-row-lg-2 gutters-row-md-2 gutters-row-0 gutters-row-v-lg-2 gutters-row-v-md-2 gutters-row-v-2 style-1009 style-local-6826-c3 position-relative\">\n        <!---->\n        <div class=\"h-row justify-content-lg-center justify-content-md-center justify-content-center align-items-lg-stretch align-items-md-stretch align-items-stretch gutters-col-lg-2 gutters-col-md-2 gutters-col-0 gutters-col-v-lg-2 gutters-col-v-md-2 gutters-col-v-2\">\n          <!---->\n          <div class=\"h-column h-column-container d-flex h-col-lg-auto h-col-md-auto h-col-auto style-1012-outer style-local-6826-c4-outer\">\n            <div data-colibri-id=\"6826-c4\" class=\"d-flex h-flex-basis h-column__inner h-px-lg-2 h-px-md-2 h-px-2 v-inner-lg-2 v-inner-md-2 v-inner-2 style-1012 style-local-6826-c4 position-relative\">\n              <!---->\n              <!---->\n              <div class=\"w-100 h-y-container h-column__content h-column__v-align flex-basis-100 align-self-lg-start align-self-md-start align-self-start\">\n                <!---->\n                <div data-colibri-id=\"6826-c5\" class=\"h-text h-text-component style-1016 style-local-6826-c5 position-relative h-element\">\n                  <!---->\n                  <!---->\n                  <div class=\"\">\n                    <p>Boris Vian (1920 &#8211; 1959) me ram\u00e8ne \u00e0 mes dix-huit ans. Un premier livre lu \u00e0 l\u2019\u00e9cole, L\u2019\u00e9cume des jours, et apr\u00e8s j\u2019ai juste d\u00e9vor\u00e9 les autres. Le style correspondait bien \u00e0 cette p\u00e9riode de ma vie, bizarre, intense, diff\u00e9rent. \u00c0 l\u2019\u00e9poque,\n                      j\u2019avais lu ces romans en livres de poche, qui ont fini avec ce joli look de livres lus avec plaisir. Les relire en collection La Pl\u00e9iade en faisant attention \u00e0 n\u2019ab\u00eemer aucune page va \u00eatre une exp\u00e9rience tr\u00e8s diff\u00e9rente.<\/p>\n                  <\/div>\n                <\/div>\n              <\/div>\n            <\/div>\n          <\/div>\n        <\/div>\n      <\/div>\n      <div data-colibri-id=\"6826-c6\" class=\"h-row-container gutters-row-lg-2 gutters-row-md-2 gutters-row-0 gutters-row-v-lg-2 gutters-row-v-md-2 gutters-row-v-2 style-1013 style-local-6826-c6 position-relative\">\n        <!---->\n        <div class=\"h-row justify-content-lg-center justify-content-md-center justify-content-center align-items-lg-stretch align-items-md-stretch align-items-stretch gutters-col-lg-2 gutters-col-md-2 gutters-col-0 gutters-col-v-lg-2 gutters-col-v-md-2 gutters-col-v-2\">\n          <!---->\n          <div class=\"h-column h-column-container d-flex h-col-lg-auto h-col-md-auto h-col-auto style-1012-outer style-local-6826-c7-outer\">\n            <div data-colibri-id=\"6826-c7\" class=\"d-flex h-flex-basis h-column__inner h-px-lg-2 h-px-md-2 h-px-2 v-inner-lg-2 v-inner-md-2 v-inner-2 style-1012 style-local-6826-c7 position-relative\">\n              <!---->\n              <!---->\n              <div class=\"w-100 h-y-container h-column__content h-column__v-align flex-basis-100 align-self-lg-start align-self-md-start align-self-start\">\n                <!---->\n                <div data-colibri-id=\"6826-c8\" class=\"h-text h-text-component style-1017 style-local-6826-c8 position-relative h-element\">\n                  <!---->\n                  <!---->\n                  <div class=\"\">\n                    <p><span style=\"font-weight: 600; font-size: 16px; font-family: &quot;Open Sans&quot;; color: rgb(158, 201, 226);\">Livres lus ou relus<\/span><\/p>\n                    <p><span style=\"font-weight: 600; font-size: 16px; font-family: &quot;Open Sans&quot;; color: rgb(48, 62, 122);\">\ufeffTome I<\/span>\n                      <br><span style=\"font-weight: 400; font-size: 16px; font-family: &quot;Open Sans&quot;; color: rgb(48, 62, 122);\">\u00c9crits de jeunesse (1942-1943)<br><\/span>\n                      <a href=\"https:\/\/redheadwithabrain.ch\/index.php\/2022\/06\/04\/conte-de-fees-a-lusage-des-moyennnes-personnel-boris-vian-1943\"\n                        style=\"font-weight: 300;\">Conte de f\u00e9es \u00e0 l&#8217;usage des moyennes personnes<\/a><span style=\"font-weight: 300; font-size: 16px; font-family: &quot;Open Sans&quot;; color: rgb(48, 62, 122);\"> (1943)<\/span>\n                      <a href=\"https:\/\/redheadwithabrain.ch\/index.php\/2023\/01\/19\/trouble-dans-les-andains-boris-vian-1943\"\n                        style=\"font-weight: 300;\">\n                        <br>Trouble dans les Andains<\/a><span style=\"color: rgb(48, 62, 122); font-family: &quot;Open Sans&quot;; font-size: 16px; font-weight: 300;\"> (1943)<\/span>\n                      <a href=\"https:\/\/redheadwithabrain.ch\/index.php\/2021\/03\/04\/les-morts-ont-tous-la-meme-peau-boris-vian-1947\">\n                        <br>Les Morts ont tous la m\u00eame peau<\/a><span style=\"font-weight: 400; font-size: 16px; font-family: &quot;Open Sans&quot;; color: rgb(48, 62, 122);\"> (1947)<\/span><\/p>\n                    <p><span style=\"font-weight: 600; font-size: 16px; font-family: &quot;Open Sans&quot;; color: rgb(48, 62, 122);\">\ufeffTome II<\/span><span style=\"font-weight: 400; font-size: 16px; font-family: &quot;Open Sans&quot;; color: rgb(48, 62, 122);\"><br><\/span>\n                      <a\n                        href=\"https:\/\/redheadwithabrain.ch\/index.php\/2022\/01\/08\/lherbe-rouge-boris-vian-1950\">L&#8217;Herbe rouge<\/a>&nbsp;(1950)\n                        <br>\n                        <a href=\"https:\/\/redheadwithabrain.ch\/index.php\/2022\/01\/29\/elles-se-rendent-pas-compte-boris-vian-1950\">Elles se rendent pas compte<\/a><span style=\"color: rgb(48, 62, 122); font-family: &quot;Open Sans&quot;; font-size: 16px; font-weight: 400;\"> (1950)<\/span>\n                        <br>\n                    <\/p>\n                  <\/div>\n                <\/div>\n              <\/div>\n            <\/div>\n          <\/div>\n          <div class=\"h-column h-column-container d-flex h-col-lg-auto h-col-md-auto h-col-auto style-1012-outer style-local-6826-c9-outer\">\n            <div data-colibri-id=\"6826-c9\" class=\"d-flex h-flex-basis h-column__inner h-px-lg-2 h-px-md-2 h-px-2 v-inner-lg-2 v-inner-md-2 v-inner-2 style-1012 style-local-6826-c9 position-relative\">\n              <!---->\n              <!---->\n              <div class=\"w-100 h-y-container h-column__content h-column__v-align flex-basis-100 align-self-lg-start align-self-md-start align-self-start\">\n                <!---->\n                <div data-colibri-id=\"6826-c10\" class=\"h-text h-text-component style-1018 style-local-6826-c10 position-relative h-element\">\n                  <!---->\n                  <!---->\n                  <div class=\"\">\n                    <p><span style=\"font-weight: 600; color: rgb(158, 201, 226);\">Livres \u00e0 lire et \u00e0 relire<\/span><\/p>\n                    <p><span style=\"font-weight: 600; color: rgb(48, 62, 122);\">Tome I<\/span>\n                      <br>Vercoquin et le plancton\n                      <br>J&#8217;irai cracher sur vos tombes\n                      <br>L&#8217;\u00c9cume des jours\n                      <br>L&#8217;Automne \u00e0 P\u00e9kin\n                      <br>Les Chiens, le D\u00e9sir et la Mort\n                      <br>Sc\u00e9narios (1941-1947)\n                      <br>Nouvelles (1945-1948)\n                      <br>\u00c9crits divers.&nbsp;Articles, chroniques, conf\u00e9rences (1945-1948)<\/p>\n                    <p><span style=\"font-weight: 600;\">Tome II<\/span>\n                      <br>Et on tuera tous les affreux\n                      <br>Les Fourmis\n                      <br>L&#8217;Arrache-c\u0153ur\n                      <br>Sc\u00e9narios (1949-1959)\n                      <br>Nouvelles (1949-1958)\n                      <br>Ecrits divers. Articles, chroniques, textes pataphysiques (1949-1959)<\/p>\n                  <\/div>\n                <\/div>\n              <\/div>\n            <\/div>\n          <\/div>\n        <\/div>\n      <\/div>\n    <\/div>\n  <\/div>\n<\/div>","protected":false},"excerpt":{"rendered":"<p>Boris Vian (1920 &#8211; 1959) me ram\u00e8ne \u00e0 mes dix-huit ans. Un premier livre lu \u00e0 l\u2019\u00e9cole, L\u2019\u00e9cume des jours, et apr\u00e8s j\u2019ai juste d\u00e9vor\u00e9 les autres. Le style correspondait bien \u00e0 cette p\u00e9riode de ma vie, bizarre, intense, diff\u00e9rent. \u00c0 l\u2019\u00e9poque, j\u2019avais lu ces romans en livres de poche, qui ont fini avec ce [&hellip;]<\/p>\n","protected":false},"author":1,"featured_media":2992,"parent":3170,"menu_order":0,"comment_status":"closed","ping_status":"closed","template":"page-templates\/full-width-page.php","meta":{"footnotes":""},"class_list":["post-6826","page","type-page","status-publish","has-post-thumbnail","hentry"],"jetpack_sharing_enabled":true,"_links":{"self":[{"href":"https:\/\/redheadwithabrain.ch\/index.php\/wp-json\/wp\/v2\/pages\/6826","targetHints":{"allow":["GET"]}}],"collection":[{"href":"https:\/\/redheadwithabrain.ch\/index.php\/wp-json\/wp\/v2\/pages"}],"about":[{"href":"https:\/\/redheadwithabrain.ch\/index.php\/wp-json\/wp\/v2\/types\/page"}],"author":[{"embeddable":true,"href":"https:\/\/redheadwithabrain.ch\/index.php\/wp-json\/wp\/v2\/users\/1"}],"replies":[{"embeddable":true,"href":"https:\/\/redheadwithabrain.ch\/index.php\/wp-json\/wp\/v2\/comments?post=6826"}],"version-history":[{"count":11,"href":"https:\/\/redheadwithabrain.ch\/index.php\/wp-json\/wp\/v2\/pages\/6826\/revisions"}],"predecessor-version":[{"id":12105,"href":"https:\/\/redheadwithabrain.ch\/index.php\/wp-json\/wp\/v2\/pages\/6826\/revisions\/12105"}],"up":[{"embeddable":true,"href":"https:\/\/redheadwithabrain.ch\/index.php\/wp-json\/wp\/v2\/pages\/3170"}],"wp:featuredmedia":[{"embeddable":true,"href":"https:\/\/redheadwithabrain.ch\/index.php\/wp-json\/wp\/v2\/media\/2992"}],"wp:attachment":[{"href":"https:\/\/redheadwithabrain.ch\/index.php\/wp-json\/wp\/v2\/media?parent=6826"}],"curies":[{"name":"wp","href":"https:\/\/api.w.org\/{rel}","templated":true}]}}

<div data-colibri-id="6826-c1" class="style-1007 style-local-6826-c1 position-relative">
  <!---->
  <div data-colibri-component="section" data-colibri-id="6826-c2" id="custom" class="h-section h-section-global-spacing d-flex align-items-lg-center align-items-md-center align-items-center style-1008 style-local-6826-c2 position-relative">
    <!---->
    <!---->
    <div class="h-section-grid-container h-section-boxed-container">
      <!---->
      <div data-colibri-id="6826-c3" class="h-row-container gutters-row-lg-2 gutters-row-md-2 gutters-row-0 gutters-row-v-lg-2 gutters-row-v-md-2 gutters-row-v-2 style-1009 style-local-6826-c3 position-relative">
        <!---->
        <div class="h-row justify-content-lg-center justify-content-md-center justify-content-center align-items-lg-stretch align-items-md-stretch align-items-stretch gutters-col-lg-2 gutters-col-md-2 gutters-col-0 gutters-col-v-lg-2 gutters-col-v-md-2 gutters-col-v-2">
          <!---->
          <div class="h-column h-column-container d-flex h-col-lg-auto h-col-md-auto h-col-auto style-1012-outer style-local-6826-c4-outer">
            <div data-colibri-id="6826-c4" class="d-flex h-flex-basis h-column__inner h-px-lg-2 h-px-md-2 h-px-2 v-inner-lg-2 v-inner-md-2 v-inner-2 style-1012 style-local-6826-c4 position-relative">
              <!---->
              <!---->
              <div class="w-100 h-y-container h-column__content h-column__v-align flex-basis-100 align-self-lg-start align-self-md-start align-self-start">
                <!---->
                <div data-colibri-id="6826-c5" class="h-text h-text-component style-1016 style-local-6826-c5 position-relative h-element">
                  <!---->
                  <!---->
                  <div class="">
                    <p>Boris Vian (1920 &#8211; 1959) me ramène à mes dix-huit ans. Un premier livre lu à l’école, L’écume des jours, et après j’ai juste dévoré les autres. Le style correspondait bien à cette période de ma vie, bizarre, intense, différent. À l’époque,
                      j’avais lu ces romans en livres de poche, qui ont fini avec ce joli look de livres lus avec plaisir. Les relire en collection La Pléiade en faisant attention à n’abîmer aucune page va être une expérience très différente.</p>
                  </div>
                </div>
              </div>
            </div>
          </div>
        </div>
      </div>
      <div data-colibri-id="6826-c6" class="h-row-container gutters-row-lg-2 gutters-row-md-2 gutters-row-0 gutters-row-v-lg-2 gutters-row-v-md-2 gutters-row-v-2 style-1013 style-local-6826-c6 position-relative">
        <!---->
        <div class="h-row justify-content-lg-center justify-content-md-center justify-content-center align-items-lg-stretch align-items-md-stretch align-items-stretch gutters-col-lg-2 gutters-col-md-2 gutters-col-0 gutters-col-v-lg-2 gutters-col-v-md-2 gutters-col-v-2">
          <!---->
          <div class="h-column h-column-container d-flex h-col-lg-auto h-col-md-auto h-col-auto style-1012-outer style-local-6826-c7-outer">
            <div data-colibri-id="6826-c7" class="d-flex h-flex-basis h-column__inner h-px-lg-2 h-px-md-2 h-px-2 v-inner-lg-2 v-inner-md-2 v-inner-2 style-1012 style-local-6826-c7 position-relative">
              <!---->
              <!---->
              <div class="w-100 h-y-container h-column__content h-column__v-align flex-basis-100 align-self-lg-start align-self-md-start align-self-start">
                <!---->
                <div data-colibri-id="6826-c8" class="h-text h-text-component style-1017 style-local-6826-c8 position-relative h-element">
                  <!---->
                  <!---->
                  <div class="">
                    <p><span style="font-weight: 600; font-size: 16px; font-family: &quot;Open Sans&quot;; color: rgb(158, 201, 226);">Livres lus ou relus</span></p>
                    <p><span style="font-weight: 600; font-size: 16px; font-family: &quot;Open Sans&quot;; color: rgb(48, 62, 122);">﻿Tome I</span>
                      <br><span style="font-weight: 400; font-size: 16px; font-family: &quot;Open Sans&quot;; color: rgb(48, 62, 122);">Écrits de jeunesse (1942-1943)<br></span>
                      <a href="https://redheadwithabrain.ch/index.php/2022/06/04/conte-de-fees-a-lusage-des-moyennnes-personnel-boris-vian-1943"
                        style="font-weight: 300;">Conte de fées à l&#8217;usage des moyennes personnes</a><span style="font-weight: 300; font-size: 16px; font-family: &quot;Open Sans&quot;; color: rgb(48, 62, 122);"> (1943)</span>
                      <a href="https://redheadwithabrain.ch/index.php/2023/01/19/trouble-dans-les-andains-boris-vian-1943"
                        style="font-weight: 300;">
                        <br>Trouble dans les Andains</a><span style="color: rgb(48, 62, 122); font-family: &quot;Open Sans&quot;; font-size: 16px; font-weight: 300;"> (1943)</span>
                      <a href="https://redheadwithabrain.ch/index.php/2021/03/04/les-morts-ont-tous-la-meme-peau-boris-vian-1947">
                        <br>Les Morts ont tous la même peau</a><span style="font-weight: 400; font-size: 16px; font-family: &quot;Open Sans&quot;; color: rgb(48, 62, 122);"> (1947)</span></p>
                    <p><span style="font-weight: 600; font-size: 16px; font-family: &quot;Open Sans&quot;; color: rgb(48, 62, 122);">﻿Tome II</span><span style="font-weight: 400; font-size: 16px; font-family: &quot;Open Sans&quot;; color: rgb(48, 62, 122);"><br></span>
                      <a
                        href="https://redheadwithabrain.ch/index.php/2022/01/08/lherbe-rouge-boris-vian-1950">L&#8217;Herbe rouge</a>&nbsp;(1950)
                        <br>
                        <a href="https://redheadwithabrain.ch/index.php/2022/01/29/elles-se-rendent-pas-compte-boris-vian-1950">Elles se rendent pas compte</a><span style="color: rgb(48, 62, 122); font-family: &quot;Open Sans&quot;; font-size: 16px; font-weight: 400;"> (1950)</span>
                        <br>
                    </p>
                  </div>
                </div>
              </div>
            </div>
          </div>
          <div class="h-column h-column-container d-flex h-col-lg-auto h-col-md-auto h-col-auto style-1012-outer style-local-6826-c9-outer">
            <div data-colibri-id="6826-c9" class="d-flex h-flex-basis h-column__inner h-px-lg-2 h-px-md-2 h-px-2 v-inner-lg-2 v-inner-md-2 v-inner-2 style-1012 style-local-6826-c9 position-relative">
              <!---->
              <!---->
              <div class="w-100 h-y-container h-column__content h-column__v-align flex-basis-100 align-self-lg-start align-self-md-start align-self-start">
                <!---->
                <div data-colibri-id="6826-c10" class="h-text h-text-component style-1018 style-local-6826-c10 position-relative h-element">
                  <!---->
                  <!---->
                  <div class="">
                    <p><span style="font-weight: 600; color: rgb(158, 201, 226);">Livres à lire et à relire</span></p>
                    <p><span style="font-weight: 600; color: rgb(48, 62, 122);">Tome I</span>
                      <br>Vercoquin et le plancton
                      <br>J&#8217;irai cracher sur vos tombes
                      <br>L&#8217;Écume des jours
                      <br>L&#8217;Automne à Pékin
                      <br>Les Chiens, le Désir et la Mort
                      <br>Scénarios (1941-1947)
                      <br>Nouvelles (1945-1948)
                      <br>Écrits divers.&nbsp;Articles, chroniques, conférences (1945-1948)</p>
                    <p><span style="font-weight: 600;">Tome II</span>
                      <br>Et on tuera tous les affreux
                      <br>Les Fourmis
                      <br>L&#8217;Arrache-cœur
                      <br>Scénarios (1949-1959)
                      <br>Nouvelles (1949-1958)
                      <br>Ecrits divers. Articles, chroniques, textes pataphysiques (1949-1959)</p>
                  </div>
                </div>
              </div>
            </div>
          </div>
        </div>
      </div>
    </div>
  </div>
</div>

<p>Boris Vian (1920 &#8211; 1959) me ramène à mes dix-huit ans. Un premier livre lu à l’école, L’écume des jours, et après j’ai juste dévoré les autres. Le style correspondait bien à cette période de ma vie, bizarre, intense, différent. À l’époque, j’avais lu ces romans en livres de poche, qui ont fini avec ce [&hellip;]</p>
