{"id":6927,"date":"2021-10-01T21:30:31","date_gmt":"2021-10-01T19:30:31","guid":{"rendered":"https:\/\/redheadwithabrain.ch\/?page_id=6927"},"modified":"2024-01-01T19:03:44","modified_gmt":"2024-01-01T18:03:44","slug":"fred-vargas","status":"publish","type":"page","link":"https:\/\/redheadwithabrain.ch\/index.php\/have-experienced-them-all\/fred-vargas\/","title":{"rendered":"Fred Vargas"},"content":{"rendered":"<div data-colibri-id=\"6927-c1\" class=\"style-1046 style-local-6927-c1 position-relative\">\n  <!---->\n  <div data-colibri-component=\"section\" data-colibri-id=\"6927-c2\" id=\"custom\" class=\"h-section h-section-global-spacing d-flex align-items-lg-center align-items-md-center align-items-center style-1047 style-local-6927-c2 position-relative\">\n    <!---->\n    <!---->\n    <div class=\"h-section-grid-container h-section-boxed-container\">\n      <!---->\n      <div data-colibri-id=\"6927-c3\" class=\"h-row-container gutters-row-lg-2 gutters-row-md-2 gutters-row-0 gutters-row-v-lg-2 gutters-row-v-md-2 gutters-row-v-2 style-1048 style-local-6927-c3 position-relative\">\n        <!---->\n        <div class=\"h-row justify-content-lg-center justify-content-md-center justify-content-center align-items-lg-stretch align-items-md-stretch align-items-stretch gutters-col-lg-2 gutters-col-md-2 gutters-col-0 gutters-col-v-lg-2 gutters-col-v-md-2 gutters-col-v-2\">\n          <!---->\n          <div class=\"h-column h-column-container d-flex h-col-lg-auto h-col-md-auto h-col-auto style-1050-outer style-local-6927-c4-outer\">\n            <div data-colibri-id=\"6927-c4\" class=\"d-flex h-flex-basis h-column__inner h-px-lg-2 h-px-md-2 h-px-2 v-inner-lg-2 v-inner-md-2 v-inner-2 style-1050 style-local-6927-c4 position-relative\">\n              <!---->\n              <!---->\n              <div class=\"w-100 h-y-container h-column__content h-column__v-align flex-basis-100 align-self-lg-start align-self-md-start align-self-start\">\n                <!---->\n                <div data-colibri-id=\"6927-c5\" class=\"h-text h-text-component style-1054 style-local-6927-c5 position-relative h-element\">\n                  <!---->\n                  <!---->\n                  <div class=\"\">\n                    <p>Fred Vargas,&nbsp;est autrice et arch\u00e9ozoologue, ou l&#8217;inverse au d\u00e9part.&nbsp;Petite anecdote&nbsp;: de son vrai nom Fr\u00e9d\u00e9rique Audoin-Rouzeau, elle prend comme nom de plume, Fred Vargas, qui est inspir\u00e9 de celui de sa s\u0153ur jumelle\n                      Jo\u00eblle, peintre sous le pseudonyme de Jo Vargas. Ce nom est un hommage \u00e0 Ava Gardner qui s&#8217;appelle Maria Vargas dans le film &#8220;La Comtesse aux pieds nus&#8221;.&nbsp;Son commissaire, Adamsberg, est d\u00e9crit comme flegmatique et nonchalant,\n                      &#8220;pelleteux de nuages&#8221;, mais tr\u00e8s attachant. Il vit aussi une jolie, bien que compliqu\u00e9e, histoire d&#8217;amour avec Camille, ce qui contraste avec les inspecteurs d&#8217;autres s\u00e9ries que j&#8217;aime bien. Ses histoires illustr\u00e9es par Baudoin sont\n                      tr\u00e8s jolies. Elle a \u00e9crit encore des documents et essais que je n\u2019ai pas tr\u00e8s envie de lire.<\/p>\n                  <\/div>\n                <\/div>\n              <\/div>\n            <\/div>\n          <\/div>\n        <\/div>\n      <\/div>\n      <div data-colibri-id=\"6927-c6\" class=\"h-row-container gutters-row-lg-2 gutters-row-md-2 gutters-row-0 gutters-row-v-lg-2 gutters-row-v-md-2 gutters-row-v-2 style-1051 style-local-6927-c6 position-relative\">\n        <!---->\n        <div class=\"h-row justify-content-lg-center justify-content-md-center justify-content-center align-items-lg-stretch align-items-md-stretch align-items-stretch gutters-col-lg-2 gutters-col-md-2 gutters-col-0 gutters-col-v-lg-2 gutters-col-v-md-2 gutters-col-v-2\">\n          <!---->\n          <div class=\"h-column h-column-container d-flex h-col-lg-auto h-col-md-auto h-col-auto style-1050-outer style-local-6927-c7-outer\">\n            <div data-colibri-id=\"6927-c7\" class=\"d-flex h-flex-basis h-column__inner h-px-lg-2 h-px-md-2 h-px-2 v-inner-lg-2 v-inner-md-2 v-inner-2 style-1050 style-local-6927-c7 position-relative\">\n              <!---->\n              <!---->\n              <div class=\"w-100 h-y-container h-column__content h-column__v-align flex-basis-100 align-self-lg-start align-self-md-start align-self-start\">\n                <!---->\n                <div data-colibri-id=\"6927-c8\" class=\"h-text h-text-component style-1055 style-local-6927-c8 position-relative h-element\">\n                  <!---->\n                  <!---->\n                  <div class=\"\">\n                    <p><span style=\"font-weight: 600; color: rgb(158, 201, 226);\">Livres lus<\/span><\/p>\n                    <p><strong style=\"font-weight: 600;\">S\u00e9rie Commissaire Jean-Baptiste Adamsberg<\/strong>\n                      <br>L&#8217;Homme aux cercles bleus (1991)\n                      <br>L&#8217;Homme \u00e0 l&#8217;envers (1999)\n                      <br>Pars vite et reviens tard (2001)\n                      <br>Sous les vents de Neptune (2004)\n                      <br>Dans les bois \u00e9ternels (2006)\n                      <br>Un lieu incertain (2008)\n                      <br>L&#8217;Arm\u00e9e furieuse (2011)\n                      <br>Temps glaciaires (2015)\n                      <br>Quand sort la recluse (2017)<\/p>\n                    <p><span style=\"font-weight: 600;\">S\u00e9rie Les \u00c9vang\u00e9listes<\/span>\n                      <br>Debout les morts (1995)\n                      <br>Un peu plus loin sur la droite (1996)\n                      <br>Sans feu ni lieu (1997)<\/p>\n                    <p><span style=\"font-weight: 600;\">Autres romans<\/span>\n                      <br>Les Jeux de l&#8217;amour et de la mort (1986)\n                      <br>Ceux qui vont mourir te saluent (1994)&nbsp;<\/p>\n                    <p><span style=\"font-weight: 600;\">Recueil de nouvelles<\/span>\n                      <br>Coule la Seine (2002) (qui contient Salut et Libert\u00e9, La Nuit des brutes et Cinq francs pi\u00e8ce)<\/p>\n                    <p><span style=\"font-weight: 600;\">Bandes dessin\u00e9es<\/span>\n                      <br>\n                      <a href=\"https:\/\/redheadwithabrain.ch\/index.php\/2021\/10\/26\/quatre-fleuves-fred-vargas-edmond-baudoin-2000\">Les Quatre Fleuves<\/a> (2000)\n                      <br>\n                      <a href=\"https:\/\/redheadwithabrain.ch\/index.php\/2021\/10\/13\/le-marchand-deponges-fred-vargas-edmond-baudouin-2010\">Le marchand d&#8217;\u00e9ponges <\/a>(2010)<\/p>\n                    <p><span style=\"color: rgb(48, 62, 122); font-family: &quot;Open Sans&quot;; font-size: 16px; font-weight: 600;\">Documents et essais<\/span><span style=\"color: rgb(48, 62, 122); font-family: &quot;Open Sans&quot;; font-size: 16px; font-weight: 400;\"><br><\/span>\n                      <a\n                        href=\"https:\/\/redheadwithabrain.ch\/index.php\/2021\/12\/01\/petit-traite-de-toutes-verites-sur-lexistence-fred-vargas-2001\">Petit trait\u00e9 de toutes v\u00e9rit\u00e9s sur l&#8217;existence<\/a><span style=\"color: rgb(48, 62, 122); font-family: &quot;Open Sans&quot;; font-size: 16px; font-weight: 400;\">&nbsp;(2001)<\/span><\/p>\n                  <\/div>\n                <\/div>\n              <\/div>\n            <\/div>\n          <\/div>\n          <div class=\"h-column h-column-container d-flex h-col-lg-auto h-col-md-auto h-col-auto style-1050-outer style-local-6927-c9-outer\">\n            <div data-colibri-id=\"6927-c9\" class=\"d-flex h-flex-basis h-column__inner h-px-lg-2 h-px-md-2 h-px-2 v-inner-lg-2 v-inner-md-2 v-inner-2 style-1050 style-local-6927-c9 position-relative\">\n              <!---->\n              <!---->\n              <div class=\"w-100 h-y-container h-column__content h-column__v-align flex-basis-100 align-self-lg-start align-self-md-start align-self-start\">\n                <!---->\n                <div data-colibri-id=\"6927-c10\" class=\"h-text h-text-component style-1056 style-local-6927-c10 position-relative h-element\">\n                  <!---->\n                  <!---->\n                  <div class=\"\">\n                    <p><span style=\"color: rgb(158, 201, 226); font-family: &quot;Open Sans&quot;; font-size: 16px; font-weight: 600;\">Livres \u00e0 lire<\/span><\/p>\n                    <p><strong style=\"color: rgb(48, 62, 122); font-family: &quot;Open Sans&quot;; font-size: 16px; font-weight: 600;\">S\u00e9rie Commissaire Jean-Baptiste Adamsberg<\/strong>\n                      <br>Sur la dalle (2023)<\/p>\n                    <p><span style=\"color: rgb(48, 62, 122); font-family: &quot;Open Sans&quot;; font-size: 16px; font-weight: 600;\">Autres romans<\/span>\n                      <br>L&#8217;\u00e9cole du crime (1987)&nbsp;<span style=\"font-weight: 300; font-size: 16px; font-family: &quot;Open Sans&quot;; color: rgb(48, 62, 122);\">introuvable<\/span><\/p>\n                    <p>\n                      <br>\n                    <\/p>\n                  <\/div>\n                <\/div>\n              <\/div>\n            <\/div>\n          <\/div>\n        <\/div>\n      <\/div>\n    <\/div>\n  <\/div>\n<\/div>","protected":false},"excerpt":{"rendered":"<p>Fred Vargas,&nbsp;est autrice et arch\u00e9ozoologue, ou l&#8217;inverse au d\u00e9part.&nbsp;Petite anecdote&nbsp;: de son vrai nom Fr\u00e9d\u00e9rique Audoin-Rouzeau, elle prend comme nom de plume, Fred Vargas, qui est inspir\u00e9 de celui de sa s\u0153ur jumelle Jo\u00eblle, peintre sous le pseudonyme de Jo Vargas. Ce nom est un hommage \u00e0 Ava Gardner qui s&#8217;appelle Maria Vargas dans le [&hellip;]<\/p>\n","protected":false},"author":1,"featured_media":6928,"parent":3170,"menu_order":0,"comment_status":"closed","ping_status":"closed","template":"page-templates\/full-width-page.php","meta":{"footnotes":""},"class_list":["post-6927","page","type-page","status-publish","has-post-thumbnail","hentry"],"jetpack_sharing_enabled":true,"_links":{"self":[{"href":"https:\/\/redheadwithabrain.ch\/index.php\/wp-json\/wp\/v2\/pages\/6927","targetHints":{"allow":["GET"]}}],"collection":[{"href":"https:\/\/redheadwithabrain.ch\/index.php\/wp-json\/wp\/v2\/pages"}],"about":[{"href":"https:\/\/redheadwithabrain.ch\/index.php\/wp-json\/wp\/v2\/types\/page"}],"author":[{"embeddable":true,"href":"https:\/\/redheadwithabrain.ch\/index.php\/wp-json\/wp\/v2\/users\/1"}],"replies":[{"embeddable":true,"href":"https:\/\/redheadwithabrain.ch\/index.php\/wp-json\/wp\/v2\/comments?post=6927"}],"version-history":[{"count":7,"href":"https:\/\/redheadwithabrain.ch\/index.php\/wp-json\/wp\/v2\/pages\/6927\/revisions"}],"predecessor-version":[{"id":14191,"href":"https:\/\/redheadwithabrain.ch\/index.php\/wp-json\/wp\/v2\/pages\/6927\/revisions\/14191"}],"up":[{"embeddable":true,"href":"https:\/\/redheadwithabrain.ch\/index.php\/wp-json\/wp\/v2\/pages\/3170"}],"wp:featuredmedia":[{"embeddable":true,"href":"https:\/\/redheadwithabrain.ch\/index.php\/wp-json\/wp\/v2\/media\/6928"}],"wp:attachment":[{"href":"https:\/\/redheadwithabrain.ch\/index.php\/wp-json\/wp\/v2\/media?parent=6927"}],"curies":[{"name":"wp","href":"https:\/\/api.w.org\/{rel}","templated":true}]}}

<div data-colibri-id="6927-c1" class="style-1046 style-local-6927-c1 position-relative">
  <!---->
  <div data-colibri-component="section" data-colibri-id="6927-c2" id="custom" class="h-section h-section-global-spacing d-flex align-items-lg-center align-items-md-center align-items-center style-1047 style-local-6927-c2 position-relative">
    <!---->
    <!---->
    <div class="h-section-grid-container h-section-boxed-container">
      <!---->
      <div data-colibri-id="6927-c3" class="h-row-container gutters-row-lg-2 gutters-row-md-2 gutters-row-0 gutters-row-v-lg-2 gutters-row-v-md-2 gutters-row-v-2 style-1048 style-local-6927-c3 position-relative">
        <!---->
        <div class="h-row justify-content-lg-center justify-content-md-center justify-content-center align-items-lg-stretch align-items-md-stretch align-items-stretch gutters-col-lg-2 gutters-col-md-2 gutters-col-0 gutters-col-v-lg-2 gutters-col-v-md-2 gutters-col-v-2">
          <!---->
          <div class="h-column h-column-container d-flex h-col-lg-auto h-col-md-auto h-col-auto style-1050-outer style-local-6927-c4-outer">
            <div data-colibri-id="6927-c4" class="d-flex h-flex-basis h-column__inner h-px-lg-2 h-px-md-2 h-px-2 v-inner-lg-2 v-inner-md-2 v-inner-2 style-1050 style-local-6927-c4 position-relative">
              <!---->
              <!---->
              <div class="w-100 h-y-container h-column__content h-column__v-align flex-basis-100 align-self-lg-start align-self-md-start align-self-start">
                <!---->
                <div data-colibri-id="6927-c5" class="h-text h-text-component style-1054 style-local-6927-c5 position-relative h-element">
                  <!---->
                  <!---->
                  <div class="">
                    <p>Fred Vargas,&nbsp;est autrice et archéozoologue, ou l&#8217;inverse au départ.&nbsp;Petite anecdote&nbsp;: de son vrai nom Frédérique Audoin-Rouzeau, elle prend comme nom de plume, Fred Vargas, qui est inspiré de celui de sa sœur jumelle
                      Joëlle, peintre sous le pseudonyme de Jo Vargas. Ce nom est un hommage à Ava Gardner qui s&#8217;appelle Maria Vargas dans le film &#8220;La Comtesse aux pieds nus&#8221;.&nbsp;Son commissaire, Adamsberg, est décrit comme flegmatique et nonchalant,
                      &#8220;pelleteux de nuages&#8221;, mais très attachant. Il vit aussi une jolie, bien que compliquée, histoire d&#8217;amour avec Camille, ce qui contraste avec les inspecteurs d&#8217;autres séries que j&#8217;aime bien. Ses histoires illustrées par Baudoin sont
                      très jolies. Elle a écrit encore des documents et essais que je n’ai pas très envie de lire.</p>
                  </div>
                </div>
              </div>
            </div>
          </div>
        </div>
      </div>
      <div data-colibri-id="6927-c6" class="h-row-container gutters-row-lg-2 gutters-row-md-2 gutters-row-0 gutters-row-v-lg-2 gutters-row-v-md-2 gutters-row-v-2 style-1051 style-local-6927-c6 position-relative">
        <!---->
        <div class="h-row justify-content-lg-center justify-content-md-center justify-content-center align-items-lg-stretch align-items-md-stretch align-items-stretch gutters-col-lg-2 gutters-col-md-2 gutters-col-0 gutters-col-v-lg-2 gutters-col-v-md-2 gutters-col-v-2">
          <!---->
          <div class="h-column h-column-container d-flex h-col-lg-auto h-col-md-auto h-col-auto style-1050-outer style-local-6927-c7-outer">
            <div data-colibri-id="6927-c7" class="d-flex h-flex-basis h-column__inner h-px-lg-2 h-px-md-2 h-px-2 v-inner-lg-2 v-inner-md-2 v-inner-2 style-1050 style-local-6927-c7 position-relative">
              <!---->
              <!---->
              <div class="w-100 h-y-container h-column__content h-column__v-align flex-basis-100 align-self-lg-start align-self-md-start align-self-start">
                <!---->
                <div data-colibri-id="6927-c8" class="h-text h-text-component style-1055 style-local-6927-c8 position-relative h-element">
                  <!---->
                  <!---->
                  <div class="">
                    <p><span style="font-weight: 600; color: rgb(158, 201, 226);">Livres lus</span></p>
                    <p><strong style="font-weight: 600;">Série Commissaire Jean-Baptiste Adamsberg</strong>
                      <br>L&#8217;Homme aux cercles bleus (1991)
                      <br>L&#8217;Homme à l&#8217;envers (1999)
                      <br>Pars vite et reviens tard (2001)
                      <br>Sous les vents de Neptune (2004)
                      <br>Dans les bois éternels (2006)
                      <br>Un lieu incertain (2008)
                      <br>L&#8217;Armée furieuse (2011)
                      <br>Temps glaciaires (2015)
                      <br>Quand sort la recluse (2017)</p>
                    <p><span style="font-weight: 600;">Série Les Évangélistes</span>
                      <br>Debout les morts (1995)
                      <br>Un peu plus loin sur la droite (1996)
                      <br>Sans feu ni lieu (1997)</p>
                    <p><span style="font-weight: 600;">Autres romans</span>
                      <br>Les Jeux de l&#8217;amour et de la mort (1986)
                      <br>Ceux qui vont mourir te saluent (1994)&nbsp;</p>
                    <p><span style="font-weight: 600;">Recueil de nouvelles</span>
                      <br>Coule la Seine (2002) (qui contient Salut et Liberté, La Nuit des brutes et Cinq francs pièce)</p>
                    <p><span style="font-weight: 600;">Bandes dessinées</span>
                      <br>
                      <a href="https://redheadwithabrain.ch/index.php/2021/10/26/quatre-fleuves-fred-vargas-edmond-baudoin-2000">Les Quatre Fleuves</a> (2000)
                      <br>
                      <a href="https://redheadwithabrain.ch/index.php/2021/10/13/le-marchand-deponges-fred-vargas-edmond-baudouin-2010">Le marchand d&#8217;éponges </a>(2010)</p>
                    <p><span style="color: rgb(48, 62, 122); font-family: &quot;Open Sans&quot;; font-size: 16px; font-weight: 600;">Documents et essais</span><span style="color: rgb(48, 62, 122); font-family: &quot;Open Sans&quot;; font-size: 16px; font-weight: 400;"><br></span>
                      <a
                        href="https://redheadwithabrain.ch/index.php/2021/12/01/petit-traite-de-toutes-verites-sur-lexistence-fred-vargas-2001">Petit traité de toutes vérités sur l&#8217;existence</a><span style="color: rgb(48, 62, 122); font-family: &quot;Open Sans&quot;; font-size: 16px; font-weight: 400;">&nbsp;(2001)</span></p>
                  </div>
                </div>
              </div>
            </div>
          </div>
          <div class="h-column h-column-container d-flex h-col-lg-auto h-col-md-auto h-col-auto style-1050-outer style-local-6927-c9-outer">
            <div data-colibri-id="6927-c9" class="d-flex h-flex-basis h-column__inner h-px-lg-2 h-px-md-2 h-px-2 v-inner-lg-2 v-inner-md-2 v-inner-2 style-1050 style-local-6927-c9 position-relative">
              <!---->
              <!---->
              <div class="w-100 h-y-container h-column__content h-column__v-align flex-basis-100 align-self-lg-start align-self-md-start align-self-start">
                <!---->
                <div data-colibri-id="6927-c10" class="h-text h-text-component style-1056 style-local-6927-c10 position-relative h-element">
                  <!---->
                  <!---->
                  <div class="">
                    <p><span style="color: rgb(158, 201, 226); font-family: &quot;Open Sans&quot;; font-size: 16px; font-weight: 600;">Livres à lire</span></p>
                    <p><strong style="color: rgb(48, 62, 122); font-family: &quot;Open Sans&quot;; font-size: 16px; font-weight: 600;">Série Commissaire Jean-Baptiste Adamsberg</strong>
                      <br>Sur la dalle (2023)</p>
                    <p><span style="color: rgb(48, 62, 122); font-family: &quot;Open Sans&quot;; font-size: 16px; font-weight: 600;">Autres romans</span>
                      <br>L&#8217;école du crime (1987)&nbsp;<span style="font-weight: 300; font-size: 16px; font-family: &quot;Open Sans&quot;; color: rgb(48, 62, 122);">introuvable</span></p>
                    <p>
                      <br>
                    </p>
                  </div>
                </div>
              </div>
            </div>
          </div>
        </div>
      </div>
    </div>
  </div>
</div>

<p>Fred Vargas,&nbsp;est autrice et archéozoologue, ou l&#8217;inverse au départ.&nbsp;Petite anecdote&nbsp;: de son vrai nom Frédérique Audoin-Rouzeau, elle prend comme nom de plume, Fred Vargas, qui est inspiré de celui de sa sœur jumelle Joëlle, peintre sous le pseudonyme de Jo Vargas. Ce nom est un hommage à Ava Gardner qui s&#8217;appelle Maria Vargas dans le [&hellip;]</p>
